
12
Let d(h) = 730*h + 5106. Give d(-7).
-4
Let m(p) = 28*p + 10. Determine m(-8).
-214
Let d(r) = 20*r + 650. Calculate d(-33).
-10
Let h(r) = 13*r + 65. Calculate h(-6).
-13
Let c(v) = -11*v**3 - 2*v**2 + 689*v + 4. Determine c(-8).
-4
Let l(r) = 47*r**3 - 5*r**2 - 4*r + 1. What is l(-1)?
-47
Let h(j) = -j**3 + 22*j**2 + 22*j - 29. What is h(22)?
455
Let c(o) = -15*o + 223. Determine c(9).
88
Let x(k) = -k**2 - 18*k + 552. What is x(-34)?
8
Let v(s) = -6*s**3 - 14*s**2 - 11*s - 3. Give v(-2).
11
Let i(p) = 13*p**3 - 40*p**2 + 3*p. What is i(2)?
-50
Let l(g) = g**2 - 16*g - 1700. What is l(-34)?
0
Let q(m) = -92*m - 72. Give q(-4).
296
Let l(u) = 2*u**3 + 33*u**2 - 1320*u - 21370. Calculate l(-16).
6
Let o(s) = -11*s - 1027. Calculate o(-93).
-4
Let h(u) = u**3 + 12*u**2 + 2*u + 9. Determine h(-8).
249
Let n(g) = -2*g**2 - 17*g - 46. Calculate n(-3).
-13
Let i(o) = -1377*o - 9626. Determine i(-7).
13
Let v(z) = 2*z**3 - 10*z**2 + 8*z - 126. Calculate v(6).
-6
Let y(r) = -r**3 + 70*r**2 - 322*r. Calculate y(5).
15
Let b(q) = 380*q**3 - 8*q**2 - 13*q - 2. What is b(-1)?
-377
Let n(v) = -2*v**3 + 50*v**2 - 66*v - 28. Calculate n(24).
-460
Let j(r) = -745*r + 4341. Calculate j(6).
-129
Let f(t) = 501*t + 9021. Give f(-18).
3
Let a(q) = -q**3 + 58*q**2 - 162*q - 192. What is a(55)?
-27
Let u(v) = v**2 - 36*v - 2622. What is u(72)?
-30
Let a(h) = -15*h**2 - 9*h + 6. What is a(2)?
-72
Let c(w) = -9*w**2 + 39*w - 11. Give c(7).
-179
Let y(l) = -l**3 - 2*l**2 + 5*l + 1. Calculate y(-2).
-9
Let o(b) = -36*b**2 + 754*b + 19. Give o(21).
-23
Let y(v) = -2*v**3 - 21*v**2 + 7*v + 304. Give y(-9).
-2
Let t(u) = -u**3 + 76*u**2 - 167*u + 1416. Determine t(74).
10
Let w(g) = 267*g + 2673. Calculate w(-10).
3
Let m(a) = a**3 + 15*a**2 - 747*a - 11203. Calculate m(-15).
2
Let d(y) = y**2 + y + 52. Determine d(0).
52
Let j(z) = z**2 + 30*z + 164. Give j(-12).
-52
Let h(w) = w**3 - 15*w**2 - 35*w. What is h(-2)?
2
Let s(y) = y**3 + 29*y**2 - 56*y - 1628. Determine s(-29).
-4
Let m(t) = 3*t + 370. What is m(-121)?
7
Let b(c) = 9*c**3 - 6*c + 5. Calculate b(3).
230
Let k(i) = i**3 + 7*i**2 - 586*i - 4096. What is k(-7)?
6
Let w(v) = 5*v**2 - 103*v + 57. Calculate w(20).
-3
Let l(k) = -k**2 + 157*k + 960. What is l(-6)?
-18
Let b(w) = 20*w + 198. What is b(-9)?
18
Let o(j) = -j**2 - 2*j - 51. Calculate o(8).
-131
Let z(m) = -m**2 - 39*m + 10. Calculate z(-8).
258
Let u(o) = -24*o - 320. Determine u(-17).
88
Let m(h) = h**2 + 953*h + 151158. Determine m(-201).
6
Let s(y) = 77*y - 367. Calculate s(19).
1096
Let c(k) = 2719*k + 16316. Give c(-6).
2
Let i(f) = f**3 - 22*f**2 - f + 65. Determine i(22).
43
Let p(t) = -t**3 + 68*t**2 - t + 17. Give p(68).
-51
Let f(s) = s**2 - 140*s + 4807. Calculate f(62).
-29
Let f(u) = -378*u + 13987. Give f(37).
1
Let t(d) = -4*d**2 - 133*d - 61. Give t(-33).
-28
Let p(s) = 92*s - 3130. Calculate p(34).
-2
Let v(n) = n**2 - 33*n - 597. Calculate v(46).
1
Let i(w) = w**2 - 12*w - 62. Calculate i(31).
527
Let l(x) = -68*x**2 - 264*x + 24. Give l(-4).
-8
Let x(h) = 66*h + 64. Give x(-1).
-2
Let b(s) = 32*s - 1426. What is b(42)?
-82
Let g(h) = h**3 + 230*h + 454. Give g(-2).
-14
Let q(i) = -3*i**2 - 181*i + 131. What is q(-61)?
9
Let i(g) = 14*g**2 + 85*g + 10. Give i(-4).
-106
Let h(w) = w**3 - 21*w**2 - 25*w - 79. Calculate h(22).
-145
Let m(v) = v**3 + 29*v**2 - 442*v - 93. What is m(-40)?
-13
Let f(m) = -2012*m - 4033. What is f(-2)?
-9
Let r(s) = 45277*s + 90556. Give r(-2).
2
Let x(y) = -y**2 - 126*y + 12934. Determine x(67).
3
Let a(j) = 63*j - 21. Give a(-1).
-84
Let o(a) = -35*a - 391. Calculate o(-11).
-6
Let r(h) = 2*h**2 - 51*h - 387. What is r(31)?
-46
Let v(w) = 2*w**2 + 26*w - 70. Give v(3).
26
Let x(c) = -2*c**2 + 176*c + 546. What is x(-3)?
0
Let x(s) = s**3 - 24*s**2 + 11*s + 39. What is x(23)?
-237
Let h(k) = -k**3 + 17*k**2 + 109*k + 36. Give h(22).
14
Let v(d) = 60*d**2 + 4441*d + 95. Give v(-74).
21
Let t(h) = h**3 - 7*h**2 - 4*h - 43. Calculate t(7).
-71
Let n(u) = 55*u**2 + 305*u - 160. Give n(-6).
-10
Let w(i) = 7*i**2 - 188*i - 239. What is w(28)?
-15
Let n(p) = p**3 + 350*p**2 + 2776*p + 13687. Calculate n(-342).
7
Let k(l) = -l**3 - 13*l**2 - 9*l - 90. Calculate k(-12).
-126
Let x(k) = -193*k + 1341. Calculate x(7).
-10
Let f(b) = 107*b**2 + 15*b - 2. Calculate f(1).
120
Let x(r) = 3*r**3 - 6*r**2 - 8*r + 6. What is x(-3)?
-105
Let k(s) = 3072*s - 30720. Determine k(10).
0
Let h(q) = -6*q**2 + 10*q + 24. Calculate h(-4).
-112
Let t(y) = -y**3 - 26*y**2 - 166*y - 19. What is t(-15)?
-4
Let i(z) = -3*z**2 + 25*z + 8. Determine i(5).
58
Let f(a) = 7*a + 120. Calculate f(-6).
78
Let p(z) = -z**3 + 8*z**2 - 10*z + 19. What is p(5)?
44
Let x(r) = -47*r + 184. Give x(7).
-145
Let b(k) = k**3 - 60*k**2 - 253*k - 205. Give b(64).
-13
Let m(k) = k**2 - 154*k + 1716. What is m(12)?
12
Let o(l) = -l**3 + 7*l**2 - 14*l + 8. What is o(5)?
-12
Let v(c) = -28*c**2 + 87*c - 169. What is v(2)?
-107
Let l(x) = x**3 - 11*x**2 + 13*x - 54. What is l(10)?
-24
Let b(t) = -606*t - 12114. Determine b(-20).
6
Let c(u) = 8*u**2 + 4*u - 22. Calculate c(3).
62
Let k(g) = 65*g - 3584. Calculate k(55).
-9
Let g(d) = 7*d**2 - 160*d - 35. What is g(23)?
-12
Let c(a) = 12*a**2 + 225*a + 1037. Calculate c(-8).
5
Let p(s) = -2*s**2 - 13*s - 26. Calculate p(-3).
-5
Let s(l) = -345*l + 1045. Calculate s(3).
10
Let m(u) = -47*u - 1987. Calculate m(-42).
-13
Let c(z) = -z**2 + 72*z - 927. Calculate c(18).
45
Let c(q) = -q**2 - 95*q - 1429. Determine c(-76).
15
Let i(h) = -2*h**2 + 83*h - 80. Give i(47).
-597
Let z(o) = -o**3 + 4*o**2 - 10*o + 136. Calculate z(6).
4
Let h(b) = -4*b + 19. What is h(-43)?
191
Let s(b) = b**2 - 23*b + 7. Determine s(5).
-83
Let k(h) = -h**2 + 100*h + 6534. Calculate k(-45).
9
Let j(v) = v**2 + 54*v + 383. Determine j(-44).
-57
Let w(x) = -11*x**2 - 281*x + 2950. Calculate w(8).
-2
Let l(v) = -41*v**2 + 238*v + 48. Calculate l(6).
0
Let y(n) = n**3 + 19*n**2 + 5*n + 96. Calculate y(-19).
1
Let q(d) = d**3 - 84*d**2 - 258*d - 255. What is q(87)?
6
Let l(w) = 6*w - 28. Determine l(4).
-4
Let n(f) = f**3 - 25*f**2 - 187*f - 9. Determine n(-6).
-3
Let h(o) = 28*o + 1333. Calculate h(-47).
17
Let z(u) = -u**2 + 1683*u - 6738. Determine z(4).
-22
Let m(t) = 3636*t + 7279. Calculate m(-2).
7
Let l(x) = x**3 - 19*x**2 + 46*x - 31. What is l(16)?
-63
Let j(r) = -r**3 + 12*r**2 - 15*r + 249. Give j(12).
69
Let i(t) = t**2 - 14*t + 16. Give i(9).
-29
Let s(p) = 187*p**2 - p - 2. Calculate s(-1).
186
Let f(s) = 2*s**3 - 31*s**2 + 38*s + 28. Give f(14).
-28
Let b(w) = -2*w**2 + 4*w + 262. Give b(11).
64
Let i(d) = -d**2 - 91*d + 174. What is i(-93)?
-12
Let o(u) = -5*u**2 - 137*u - 22. Determine o(-26).
160
Let f(c) = 3*c**3 + 15*c**2 - 7*c + 17. Determine f(-6).
-49
Let s(d) = d**2 + 222*d + 1085. Determine s(-5).
0
Let u(d) = -404*d + 2831. Give u(7).
3
Let s(v) = -v**3 + 3*v**2 - 5*v - 8. Calculate s(4).
-44
Let l(k) = -14*k**2 + 505. What is l(-6)?
1
Let y(g) = g**3 - 22*g**2 - 18*g - 30. Give y(23).
85
Let t(z) = z**2 - 31*z - 99. What is t(41)?
311
Let l(n) = -8*n**2 + 489*n + 1021. What is l(-2)?
11
Let k(i) = -5*i**3 - 130*i**2 + 16*i + 423. Give k(-26).
7
Let k(i) = 7*i**2 - 224*i - 242. Calculate k(33).
-11
Let w(j) = -6*j**3 + 1350*j**2 - 6*j + 1359. What is w(225)?
9
Let b(t) = -391*t - 2337. Determine b(-6).
9
Let a(r) = -56*r - 3. Determine a(2).
-115
Let n(k) = k**3 + 57*k**2 - 56*k + 116. Determine n(-58).
0
Let r(m) = -m**3 - 29*m**2 + 130*m - 195. Determine r(-33).
-129
Let k(l) = -l**3 + 55*l**2 + 59*l - 155. Give k(56).
13
Let t(k) = 822*k + 4938. Calculate t(-6).
6
Let i(w) = 555*w + 1115. What is i(-2)?
5
Let j(o) = o**2 - 35*o + 144. Give j(29).
-30
Let a(f) = -f**3 + 223*f**2 + 887*f + 4759. Determine a(227).
-8
Let i(l) = 950*l - 12343. Determine i(13).
7
Let b(u) = -u**3 - 11*u**2 + 826*u + 10439. Give b(-13).
39
Let x(p) = 14*p - 203. What is x(15)?
7
Let v(z) = -4*z**3 + 240*z**2 + 238*z + 268. Give v(61).
-98
Let o(j) = 2*j**2 - 152*j + 2947. What is o(38)?
59
Let p(j) = -j**3 - 16*j**2 + 5*j - 48. Determine p(-16).
-128
Let v(m) = -m**3 + 9*m**2 + 182*m - 1213. Calculate v(6).
-13
Let q(p) = -p**3 + 90*p**2 - 169*p - 686. Determine q(88).
-70
Let i(p) = -p**3 - 20*p**2 - 78*p + 8. Determine i(-9).
-1